{"id":126,"date":"2021-09-06T18:28:39","date_gmt":"2021-09-06T18:28:39","guid":{"rendered":"https:\/\/www.carmenpilarestetica.es\/?page_id=126"},"modified":"2021-09-19T18:48:50","modified_gmt":"2021-09-19T18:48:50","slug":"criolipolisis","status":"publish","type":"page","link":"https:\/\/www.carmenpilarestetica.es\/index.php\/criolipolisis\/","title":{"rendered":"Criolipolisis"},"content":{"rendered":"<p>[et_pb_section fb_built=\u00bb1&#8243; _builder_version=\u00bb4.9.4&#8243; _module_preset=\u00bbdefault\u00bb global_colors_info=\u00bb{}\u00bb][et_pb_row column_structure=\u00bb3_4,1_4&#8243; _builder_version=\u00bb4.9.4&#8243; _module_preset=\u00bbdefault\u00bb global_colors_info=\u00bb{}\u00bb][et_pb_column type=\u00bb3_4&#8243; _builder_version=\u00bb4.9.4&#8243; _module_preset=\u00bbdefault\u00bb global_colors_info=\u00bb{}\u00bb][et_pb_text _builder_version=\u00bb4.10.5&#8243; _module_preset=\u00bbdefault\u00bb hover_enabled=\u00bb0&#8243; global_colors_info=\u00bb{}\u00bb sticky_enabled=\u00bb0&#8243;]<\/p>\n<h1><span style=\"color: #3366ff;\">Criolipolisis<\/span><\/h1>\n<h3><span>\u00bfQUE ES?<br \/><\/span><\/h3>\n<p>Es una t\u00e9cnica avanzada para la\u00a0eliminaci\u00f3n de grasa localizada\u00a0que destruye el tejido adiposo sin necesidad de cirug\u00eda. La t\u00e9cnica de la\u00a0criolipolisis, que ofrece resultados iguales a la liposucci\u00f3n, se basa en un descenso de la temperatura de la\u00a0grasa localizada por debajo de los 0\u00baC durante aproximadamente 1 hora. De esta forma, las c\u00e9lulas de\u00a0grasa localizada, denominadas adipocitos, se destruyen por la cristalizaci\u00f3n y posterior eliminaci\u00f3n gradual de l\u00edpidos durante un per\u00edodo de entre dos y seis semanas.<\/p>\n<p>La el resto de las tecnolog\u00edas que existen en el mundo, solo disuelve la grasa del adipocito y la expulsa, es decir, no destruye el adipocito, este por tanto puede volver a recuperar el volumen si no se sigue una dieta adecuada.<br \/>La Criolipolisis y la Liposucci\u00f3n quir\u00fargica, son los \u00fanicos tratamientos m\u00e1s eficaces que existe en el mundo para eliminar la grasa de forma definitiva.El nuevo tratamiento para reducir grasa, volumen y flacidez.<\/p>\n<h3><span>\u00bfCOMO FUNCIONA?<\/span><\/h3>\n<p>Aplicaci\u00f3n en la zona elegida de un transductor que combina vac\u00edo para captar el tejido subcut\u00e1neo graso y criotecnolog\u00eda selectiva para enfriarlo. Las c\u00e9lulas grasas (adipocitos) que se encuentran en el tejido subcut\u00e1neo (debajo de la dermis) son ricas en \u00e1cidos grasos saturados, lo que las vuelve especialmente sensibles al fr\u00edo; por el contrario, los elementos colindantes como vasos sangu\u00edneos, sistema nervioso perif\u00e9rico, melanocitos, fibrocitos , c\u00e9lulas pobres en l\u00edpidos son, en comparaci\u00f3n, mucho menos sensibles al fr\u00edo. Esta caracter\u00edstica permite la degradaci\u00f3n natural de los adipocitos sin da\u00f1ar los tejidos colindantes.<\/p>\n<h3><span>\u00bfCOMO SE ELIMINAN LAS C\u00c9LULAS GRASAS?<\/span><\/h3>\n<p>El proceso de degradaci\u00f3n de los adipocitos expuestos a la acci\u00f3n de la Criolipolisis se realiza: \u2013 Directamente por cristalizaci\u00f3n, seguida de apoptosis y disoluci\u00f3n progresiva de la c\u00e9lula con liberaci\u00f3n gradual de l\u00edpidos en un t\u00e9rmino comprendido entre 2 y 6 semanas. \u2013 Indirectamente por la lipolisis provocada por la estimulaci\u00f3n del sistema nervioso simp\u00e1tico.<\/p>\n<h3><span>\u00bfCUANTAS SESIONES HACEN FALTA?<\/span><\/h3>\n<p>En funci\u00f3n de la profundidad del tejido adiposo y de la reducci\u00f3n deseada, har\u00e1n falta entre 1 y 3 sesiones. Es aconsejable un intervalo de 45 d\u00edas entre dos sesiones.<\/p>\n<h3><span>\u00bfQUE SE NOTA DURANTE Y DESPU\u00c9S DE LA SESI\u00d3N?<\/span><\/h3>\n<p>El procedimiento no es doloroso para el paciente; se suele notar algo de tensi\u00f3n al nivel de la zona tratada por el efecto de vac\u00edo y sensaci\u00f3n de fr\u00edo localizado, sobre todo al principio de la sesi\u00f3n. Despu\u00e9s de la sesi\u00f3n: \u2013 Habitualmente: Aparece un enrojecimiento y adormecimiento de la zona que pueden durar un par de horas despu\u00e9s de la sesi\u00f3n. \u2013 Excepcionalmente: Puede aparecer alg\u00fan hematoma que se reabsorbe a los pocos d\u00edas. Puede volver a su actividad normal sin ninguna molestia especial inmediatamente despu\u00e9s de la sesi\u00f3n.<\/p>\n<p>[\/et_pb_text][\/et_pb_column][et_pb_column type=\u00bb1_4&#8243; _builder_version=\u00bb4.9.4&#8243; _module_preset=\u00bbdefault\u00bb global_colors_info=\u00bb{}\u00bb][et_pb_social_media_follow _builder_version=\u00bb4.10.5&#8243; _module_preset=\u00bbdefault\u00bb text_orientation=\u00bbright\u00bb global_colors_info=\u00bb{}\u00bb][et_pb_social_media_follow_network social_network=\u00bbfacebook\u00bb _builder_version=\u00bb4.10.5&#8243; _module_preset=\u00bbdefault\u00bb background_color=\u00bb#3b5998&#8243; global_colors_info=\u00bb{}\u00bb follow_button=\u00bboff\u00bb url_new_window=\u00bbon\u00bb]facebook[\/et_pb_social_media_follow_network][et_pb_social_media_follow_network social_network=\u00bbtwitter\u00bb _builder_version=\u00bb4.10.5&#8243; _module_preset=\u00bbdefault\u00bb background_color=\u00bb#00aced\u00bb global_colors_info=\u00bb{}\u00bb follow_button=\u00bboff\u00bb url_new_window=\u00bbon\u00bb]twitter[\/et_pb_social_media_follow_network][et_pb_social_media_follow_network social_network=\u00bbinstagram\u00bb _builder_version=\u00bb4.10.5&#8243; _module_preset=\u00bbdefault\u00bb background_color=\u00bb#ea2c59&#8243; global_colors_info=\u00bb{}\u00bb follow_button=\u00bboff\u00bb url_new_window=\u00bbon\u00bb]instagram[\/et_pb_social_media_follow_network][\/et_pb_social_media_follow][\/et_pb_column][\/et_pb_row][\/et_pb_section]<\/p>\n","protected":false},"excerpt":{"rendered":"<p>Criolipolisis \u00bfQUE ES? Es una t\u00e9cnica avanzada para la\u00a0eliminaci\u00f3n de grasa localizada\u00a0que destruye el tejido adiposo sin necesidad de cirug\u00eda. La t\u00e9cnica de la\u00a0criolipolisis, que ofrece resultados iguales a la liposucci\u00f3n, se basa en un descenso de la temperatura de la\u00a0grasa localizada por debajo de los 0\u00baC durante aproximadamente 1 hora. De esta forma, las [&hellip;]<\/p>\n","protected":false},"author":1,"featured_media":0,"parent":0,"menu_order":0,"comment_status":"closed","ping_status":"closed","template":"","meta":{"_et_pb_use_builder":"on","_et_pb_old_content":"","_et_gb_content_width":"","footnotes":""},"class_list":["post-126","page","type-page","status-publish","hentry"],"_links":{"self":[{"href":"https:\/\/www.carmenpilarestetica.es\/index.php\/wp-json\/wp\/v2\/pages\/126","targetHints":{"allow":["GET"]}}],"collection":[{"href":"https:\/\/www.carmenpilarestetica.es\/index.php\/wp-json\/wp\/v2\/pages"}],"about":[{"href":"https:\/\/www.carmenpilarestetica.es\/index.php\/wp-json\/wp\/v2\/types\/page"}],"author":[{"embeddable":true,"href":"https:\/\/www.carmenpilarestetica.es\/index.php\/wp-json\/wp\/v2\/users\/1"}],"replies":[{"embeddable":true,"href":"https:\/\/www.carmenpilarestetica.es\/index.php\/wp-json\/wp\/v2\/comments?post=126"}],"version-history":[{"count":7,"href":"https:\/\/www.carmenpilarestetica.es\/index.php\/wp-json\/wp\/v2\/pages\/126\/revisions"}],"predecessor-version":[{"id":289,"href":"https:\/\/www.carmenpilarestetica.es\/index.php\/wp-json\/wp\/v2\/pages\/126\/revisions\/289"}],"wp:attachment":[{"href":"https:\/\/www.carmenpilarestetica.es\/index.php\/wp-json\/wp\/v2\/media?parent=126"}],"curies":[{"name":"wp","href":"https:\/\/api.w.org\/{rel}","templated":true}]}}